{"id":140,"date":"2021-01-17T14:55:51","date_gmt":"2021-01-17T14:55:51","guid":{"rendered":"https:\/\/h154052.web205.dogado.net\/?page_id=2\/?page_id=140"},"modified":"2024-11-05T16:57:21","modified_gmt":"2024-11-05T16:57:21","slug":"unsere-leistungen-und-preise","status":"publish","type":"page","link":"https:\/\/www.keschdeichel.de\/?page_id=140","title":{"rendered":"Unsere Leistungen und Preise"},"content":{"rendered":"\n<figure class=\"wp-block-pullquote is-style-default\"><blockquote><p>Neu, modern und gem\u00fctlich<\/p><cite>Wie eine Kastanie in ihrem Igel (Keschdeichel)<\/cite><\/blockquote><\/figure>\n\n\n\n<p> Allgemeines<\/p>\n\n\n\n<ul>\n<li>Unsere Ferienwohnung ist eine Nichtraucherwohnung<\/li>\n\n\n\n<li>Belegung mit bis zu 4 Personen<\/li>\n\n\n\n<li>W-LAN ist inklusive<\/li>\n\n\n\n<li>Unsere Ferienwohnung hat einen eigenen Eingang<\/li>\n\n\n\n<li>Alle Fenster mit Rolll\u00e4den<\/li>\n\n\n\n<li>Bettw\u00e4sche, Handt\u00fccher und Geschirrt\u00fccher sind inklusive<\/li>\n\n\n\n<li>Im Hof unseres Hauses gibt es f\u00fcr Sie Parkm\u00f6glichkeiten<\/li>\n\n\n\n<li>F\u00fcr Ihre Fahrr\u00e4der haben wir eine abschlie\u00dfbare Garage<\/li>\n\n\n\n<li>Am Anreisetag steht Ihnen unsere Ferienwohnung ab 15 Uhr zur Verf\u00fcgung.<\/li>\n\n\n\n<li>Wir bitten Sie am letzten Tag Ihres Aufenthalts um 10 Uhr abzureisen.<\/li>\n<\/ul>\n\n\n\n<p>Preise<\/p>\n\n\n\n<ul>\n<li>Belegung ab 5 N\u00e4chten<\/li>\n\n\n\n<li>1-2 Personen 70 \u20ac pro Nacht<\/li>\n\n\n\n<li>Der Preis f\u00fcr jede weitere Person betr\u00e4gt 15 \u20ac pro Nacht<\/li>\n\n\n\n<li>Kinder bis 3 Jahren sind kostenfrei<\/li>\n\n\n\n<li>Kinder von 4 &#8211; 10 Jahre 10,00 \u20ac pro\u00a0Nacht<\/li>\n\n\n\n<li>Haustiere sind gerne Willkommen, bitte bei Buchung mit angeben.<\/li>\n\n\n\n<li>Wir berechnen pro Haustier 5,00 \u20ac pro Nacht<\/li>\n\n\n\n<li>Alle Preise sind Endpreise inkl. Endreinigung<br><br><\/li>\n<\/ul>\n\n\n<div class=\"wp-block-image is-style-default\">\n<figure class=\"alignleft\"><img decoding=\"async\" loading=\"lazy\" width=\"300\" height=\"57\" src=\"https:\/\/www.keschdeichel.de\/wp-content\/uploads\/2022\/01\/Klassifizierung_F4Sterne-300x57.png\" alt=\"\" class=\"wp-image-275\" srcset=\"https:\/\/www.keschdeichel.de\/wp-content\/uploads\/2022\/01\/Klassifizierung_F4Sterne-300x57.png 300w, https:\/\/www.keschdeichel.de\/wp-content\/uploads\/2022\/01\/Klassifizierung_F4Sterne-768x146.png 768w, https:\/\/www.keschdeichel.de\/wp-content\/uploads\/2022\/01\/Klassifizierung_F4Sterne-830x158.png 830w, https:\/\/www.keschdeichel.de\/wp-content\/uploads\/2022\/01\/Klassifizierung_F4Sterne-230x44.png 230w, https:\/\/www.keschdeichel.de\/wp-content\/uploads\/2022\/01\/Klassifizierung_F4Sterne-350x67.png 350w, https:\/\/www.keschdeichel.de\/wp-content\/uploads\/2022\/01\/Klassifizierung_F4Sterne-480x91.png 480w, https:\/\/www.keschdeichel.de\/wp-content\/uploads\/2022\/01\/Klassifizierung_F4Sterne.png 993w\" sizes=\"(max-width: 300px) 100vw, 300px\" \/><figcaption class=\"wp-element-caption\">Unsere Ferienwohnung ist vom Deutschen Tourismusverband e.V. mit 4 Sternen klassifiziert.<\/figcaption><\/figure><\/div>","protected":false},"excerpt":{"rendered":"<p>Neu, modern und gem\u00fctlich Wie eine Kastanie in ihrem Igel (Keschdeichel) Allgemeines Preise<\/p>\n","protected":false},"author":2,"featured_media":0,"parent":0,"menu_order":0,"comment_status":"closed","ping_status":"closed","template":"page-templates\/page_fullwidth.php","meta":[],"_links":{"self":[{"href":"https:\/\/www.keschdeichel.de\/index.php?rest_route=\/wp\/v2\/pages\/140"}],"collection":[{"href":"https:\/\/www.keschdeichel.de\/index.php?rest_route=\/wp\/v2\/pages"}],"about":[{"href":"https:\/\/www.keschdeichel.de\/index.php?rest_route=\/wp\/v2\/types\/page"}],"author":[{"embeddable":true,"href":"https:\/\/www.keschdeichel.de\/index.php?rest_route=\/wp\/v2\/users\/2"}],"replies":[{"embeddable":true,"href":"https:\/\/www.keschdeichel.de\/index.php?rest_route=%2Fwp%2Fv2%2Fcomments&post=140"}],"version-history":[{"count":28,"href":"https:\/\/www.keschdeichel.de\/index.php?rest_route=\/wp\/v2\/pages\/140\/revisions"}],"predecessor-version":[{"id":300,"href":"https:\/\/www.keschdeichel.de\/index.php?rest_route=\/wp\/v2\/pages\/140\/revisions\/300"}],"wp:attachment":[{"href":"https:\/\/www.keschdeichel.de\/index.php?rest_route=%2Fwp%2Fv2%2Fmedia&parent=140"}],"curies":[{"name":"wp","href":"https:\/\/api.w.org\/{rel}","templated":true}]}}

<figure class="wp-block-pullquote is-style-default"><blockquote><p>Neu, modern und gemütlich</p><cite>Wie eine Kastanie in ihrem Igel (Keschdeichel)</cite></blockquote></figure>



<p> Allgemeines</p>



<ul>
<li>Unsere Ferienwohnung ist eine Nichtraucherwohnung</li>



<li>Belegung mit bis zu 4 Personen</li>



<li>W-LAN ist inklusive</li>



<li>Unsere Ferienwohnung hat einen eigenen Eingang</li>



<li>Alle Fenster mit Rollläden</li>



<li>Bettwäsche, Handtücher und Geschirrtücher sind inklusive</li>



<li>Im Hof unseres Hauses gibt es für Sie Parkmöglichkeiten</li>



<li>Für Ihre Fahrräder haben wir eine abschließbare Garage</li>



<li>Am Anreisetag steht Ihnen unsere Ferienwohnung ab 15 Uhr zur Verfügung.</li>



<li>Wir bitten Sie am letzten Tag Ihres Aufenthalts um 10 Uhr abzureisen.</li>
</ul>



<p>Preise</p>



<ul>
<li>Belegung ab 5 Nächten</li>



<li>1-2 Personen 70 € pro Nacht</li>



<li>Der Preis für jede weitere Person beträgt 15 € pro Nacht</li>



<li>Kinder bis 3 Jahren sind kostenfrei</li>



<li>Kinder von 4 &#8211; 10 Jahre 10,00 € pro Nacht</li>



<li>Haustiere sind gerne Willkommen, bitte bei Buchung mit angeben.</li>



<li>Wir berechnen pro Haustier 5,00 € pro Nacht</li>



<li>Alle Preise sind Endpreise inkl. Endreinigung<br><br></li>
</ul>


<div class="wp-block-image is-style-default">
<figure class="alignleft"><img decoding="async" loading="lazy" width="300" height="57" src="https://www.keschdeichel.de/wp-content/uploads/2022/01/Klassifizierung_F4Sterne-300x57.png" alt="" class="wp-image-275" srcset="https://www.keschdeichel.de/wp-content/uploads/2022/01/Klassifizierung_F4Sterne-300x57.png 300w, https://www.keschdeichel.de/wp-content/uploads/2022/01/Klassifizierung_F4Sterne-768x146.png 768w, https://www.keschdeichel.de/wp-content/uploads/2022/01/Klassifizierung_F4Sterne-830x158.png 830w, https://www.keschdeichel.de/wp-content/uploads/2022/01/Klassifizierung_F4Sterne-230x44.png 230w, https://www.keschdeichel.de/wp-content/uploads/2022/01/Klassifizierung_F4Sterne-350x67.png 350w, https://www.keschdeichel.de/wp-content/uploads/2022/01/Klassifizierung_F4Sterne-480x91.png 480w, https://www.keschdeichel.de/wp-content/uploads/2022/01/Klassifizierung_F4Sterne.png 993w" sizes="(max-width: 300px) 100vw, 300px" /><figcaption class="wp-element-caption">Unsere Ferienwohnung ist vom Deutschen Tourismusverband e.V. mit 4 Sternen klassifiziert.</figcaption></figure></div>

<p>Neu, modern und gemütlich Wie eine Kastanie in ihrem Igel (Keschdeichel) Allgemeines Preise</p>
