{"id":89,"date":"2021-01-17T13:06:22","date_gmt":"2021-01-17T13:06:22","guid":{"rendered":"https:\/\/h154052.web205.dogado.net\/?page_id=2\/?page_id=89"},"modified":"2021-01-17T17:22:39","modified_gmt":"2021-01-17T17:22:39","slug":"unsere-region","status":"publish","type":"page","link":"https:\/\/www.keschdeichel.de\/?page_id=89","title":{"rendered":"Unsere Region"},"content":{"rendered":"\n<figure class=\"wp-block-pullquote\"><blockquote><p>Wo die Weinstra\u00dfe den Pf\u00e4lzerwald trifft<\/p><cite>Unsere Region &#8211; perfekt f\u00fcr Ihren Urlaub<\/cite><\/blockquote><\/figure>\n\n\n\n<div class=\"wp-block-media-text alignwide has-media-on-the-right is-stacked-on-mobile is-image-fill\"><figure class=\"wp-block-media-text__media\" style=\"background-image:url(https:\/\/www.keschdeichel.de\/wp-content\/uploads\/2021\/01\/20200516_070316_001-576x1024.jpg);background-position:50% 50%\"><img decoding=\"async\" loading=\"lazy\" width=\"576\" height=\"1024\" src=\"https:\/\/www.keschdeichel.de\/wp-content\/uploads\/2021\/01\/20200516_070316_001-576x1024.jpg\" alt=\"\" class=\"wp-image-146 size-large\"\/><\/figure><div class=\"wp-block-media-text__content\">\n<p class=\"has-normal-font-size\">Unweit unserer Ferienwohnung finden sie die ersten Premiumwanderwege, die Sie f\u00fcr kurze oder auch lange Wandertouren begeistern werden. So finden bei uns einige Wanderwege ihren Anfang, die durch den sch\u00f6nen Naturpark Pf\u00e4lzerwald auf den Spuren vergangener Zeiten wandeln lassen. Mit dem <a rel=\"noreferrer noopener\" href=\"https:\/\/www.outdooractive.com\/de\/route\/themenweg\/pfalz\/moenchsweg\/1558029\/#gref\" target=\"_blank\">M\u00f6nchsweg <\/a>sogar im wahrsten Sinne, da die Zisterzienser M\u00f6nche des Klosters in <a rel=\"noreferrer noopener\" href=\"http:\/\/www.eusserthal.de\/\" target=\"_blank\">Eu\u00dferthal <\/a>diesen Weg oft beschritten. Ebenso gibt es eine Reihe weiterer toller Wanderwege, die von unserem sch\u00f6nen Dorf \u00fcber den Zick-Zack-Pfad hinauf auf die <a rel=\"noreferrer noopener\" href=\"http:\/\/www.jung-pfalz-huette.de\/\" target=\"_blank\">Jungpfalzh\u00fctte <\/a>f\u00fchren. Auch gibt es mit dem <a href=\"https:\/\/trifelsland.suedlicheweinstrasse.de\/wandern-burgen\/wandern-im-trifelsland\/wanderwege-im-trifelsland\/tour\/annweiler-kaiser-friedrich-weg\/tour.html\">Kaiser-Friedrich-Weg<\/a> einen Wanderweg zur altehrw\u00fcrdige <a rel=\"noreferrer noopener\" href=\"https:\/\/www.reichsburg-trifels.de\/\" target=\"_blank\">Burg Trifels<\/a>, wobei man sogar durch die sch\u00f6ne <a rel=\"noreferrer noopener\" href=\"https:\/\/trifelsland.suedlicheweinstrasse.de\/wandern-burgen\/zertifizierte-wanderwege\/altstadt-richard-loewenherz-weg\/\" target=\"_blank\">Altstadt <\/a>von <a rel=\"noreferrer noopener\" href=\"https:\/\/www.annweiler.de\/de\/index.php\" target=\"_blank\">Annweiler am Trifels<\/a> schlendern kann, bevor man sich an den Aufstieg wagt. Doch dies hier nur als kleiner Ausblick auf die sch\u00f6nen Wandertouren in der S\u00fcdpfalz. Neben den vielen <a rel=\"noreferrer noopener\" href=\"https:\/\/trifelsland.suedlicheweinstrasse.de\/wandern-burgen\/wandern-im-trifelsland\/\" target=\"_blank\">gut ausgebauten Wanderwegen<\/a> gibt es auch einen Kletterfelsen, den Sommerfelsen und eine Mountainbike-Strecke mit Start- und Endpunkt im Dorf. Viele weitere gro\u00dfartige <a rel=\"noreferrer noopener\" href=\"https:\/\/trifelsland.suedlicheweinstrasse.de\/region\/rad-mountainbiken\/\" target=\"_blank\">Mountainbike <\/a>Touren finden Sie in unserer Region.<\/p>\n<\/div><\/div>\n\n\n\n<p>Gerne unterst\u00fctzen wir Sie bei der Gestaltung ihres Urlaubes mit n\u00fctzlichen Hinweisen und Tipps. Folgenden Internetseiten sollen Ihnen bei der Gestaltung Ihres Urlaubs helfen.<\/p>\n\n\n\n<h3>Links<\/h3>\n\n\n\n<ul><li><a href=\"http:\/\/www.trifelsland.de\/\" target=\"_blank\" rel=\"noreferrer noopener\">B\u00fcro f\u00fcr Tourismus in Annweiler<\/a><\/li><li><a href=\"http:\/\/www.trifelsland.de\/de\/wandern-burgen\" target=\"_blank\" rel=\"noreferrer noopener\">Wandern im Trifelsland<\/a><\/li><li><a href=\"http:\/\/www.mountainbikepark-pfaelzerwald.de\/\" target=\"_blank\" rel=\"noreferrer noopener\">Mountainbike Park Pf\u00e4lzerwald<\/a><\/li><li><a href=\"https:\/\/www.vg-annweiler.de\/vg_annweiler\/Sport,Freizeit,Tourismus\/Trifelsbad%20Annweiler\" target=\"_blank\" rel=\"noreferrer noopener\">Trifelsbad Annweiler<\/a><\/li><li><a href=\"https:\/\/www.annweiler.de\/de\/index.php\" target=\"_blank\" rel=\"noreferrer noopener\">Stadt Annweiler<\/a><\/li><li><a href=\"http:\/\/www.burgunderdorf.de\/\" target=\"_blank\" rel=\"noreferrer noopener\">Burgunderdorf Gr\u00e4fenhausen<\/a><\/li><li><a href=\"http:\/\/www.queichtal-nahverkehr.de\/fahrplaene.php\" target=\"_blank\" rel=\"noreferrer noopener\">Fahrpl\u00e4ne \u00d6ffentlicher Personennahverkehr<\/a><\/li><li><a href=\"https:\/\/www.pfalz.de\/\" target=\"_blank\" rel=\"noreferrer noopener\">Zum Wohl. Die Pfalz &#8211; das Portal f\u00fcr die Pfalz<\/a><\/li><li><a href=\"http:\/\/www.suedlicheweinstrasse.de\/\" target=\"_blank\" rel=\"noreferrer noopener\">S\u00fcdliche Weinstra\u00dfe<\/a><\/li><li><a href=\"https:\/\/www.pfalz.de\/app\/\" target=\"_blank\" rel=\"noreferrer noopener\">Feste in der Pfalz<\/a><\/li><li><a href=\"http:\/\/www.pfaelzerwald.de\/\" target=\"_blank\" rel=\"noreferrer noopener\">Pf\u00e4lzerwald<\/a><\/li><\/ul>\n","protected":false},"excerpt":{"rendered":"<p>Wo die Weinstra\u00dfe den Pf\u00e4lzerwald trifft Unsere Region &#8211; perfekt f\u00fcr Ihren Urlaub Unweit unserer Ferienwohnung finden sie die ersten Premiumwanderwege, die [&hellip;]<\/p>\n","protected":false},"author":2,"featured_media":0,"parent":0,"menu_order":0,"comment_status":"closed","ping_status":"closed","template":"page-templates\/page_fullwidth.php","meta":[],"_links":{"self":[{"href":"https:\/\/www.keschdeichel.de\/index.php?rest_route=\/wp\/v2\/pages\/89"}],"collection":[{"href":"https:\/\/www.keschdeichel.de\/index.php?rest_route=\/wp\/v2\/pages"}],"about":[{"href":"https:\/\/www.keschdeichel.de\/index.php?rest_route=\/wp\/v2\/types\/page"}],"author":[{"embeddable":true,"href":"https:\/\/www.keschdeichel.de\/index.php?rest_route=\/wp\/v2\/users\/2"}],"replies":[{"embeddable":true,"href":"https:\/\/www.keschdeichel.de\/index.php?rest_route=%2Fwp%2Fv2%2Fcomments&post=89"}],"version-history":[{"count":15,"href":"https:\/\/www.keschdeichel.de\/index.php?rest_route=\/wp\/v2\/pages\/89\/revisions"}],"predecessor-version":[{"id":209,"href":"https:\/\/www.keschdeichel.de\/index.php?rest_route=\/wp\/v2\/pages\/89\/revisions\/209"}],"wp:attachment":[{"href":"https:\/\/www.keschdeichel.de\/index.php?rest_route=%2Fwp%2Fv2%2Fmedia&parent=89"}],"curies":[{"name":"wp","href":"https:\/\/api.w.org\/{rel}","templated":true}]}}

<figure class="wp-block-pullquote"><blockquote><p>Wo die Weinstraße den Pfälzerwald trifft</p><cite>Unsere Region &#8211; perfekt für Ihren Urlaub</cite></blockquote></figure>



<div class="wp-block-media-text alignwide has-media-on-the-right is-stacked-on-mobile is-image-fill"><figure class="wp-block-media-text__media" style="background-image:url(https://www.keschdeichel.de/wp-content/uploads/2021/01/20200516_070316_001-576x1024.jpg);background-position:50% 50%"><img decoding="async" loading="lazy" width="576" height="1024" src="https://www.keschdeichel.de/wp-content/uploads/2021/01/20200516_070316_001-576x1024.jpg" alt="" class="wp-image-146 size-large"/></figure><div class="wp-block-media-text__content">
<p class="has-normal-font-size">Unweit unserer Ferienwohnung finden sie die ersten Premiumwanderwege, die Sie für kurze oder auch lange Wandertouren begeistern werden. So finden bei uns einige Wanderwege ihren Anfang, die durch den schönen Naturpark Pfälzerwald auf den Spuren vergangener Zeiten wandeln lassen. Mit dem <a rel="noreferrer noopener" href="https://www.outdooractive.com/de/route/themenweg/pfalz/moenchsweg/1558029/#gref" target="_blank">Mönchsweg </a>sogar im wahrsten Sinne, da die Zisterzienser Mönche des Klosters in <a rel="noreferrer noopener" href="http://www.eusserthal.de/" target="_blank">Eußerthal </a>diesen Weg oft beschritten. Ebenso gibt es eine Reihe weiterer toller Wanderwege, die von unserem schönen Dorf über den Zick-Zack-Pfad hinauf auf die <a rel="noreferrer noopener" href="http://www.jung-pfalz-huette.de/" target="_blank">Jungpfalzhütte </a>führen. Auch gibt es mit dem <a href="https://trifelsland.suedlicheweinstrasse.de/wandern-burgen/wandern-im-trifelsland/wanderwege-im-trifelsland/tour/annweiler-kaiser-friedrich-weg/tour.html">Kaiser-Friedrich-Weg</a> einen Wanderweg zur altehrwürdige <a rel="noreferrer noopener" href="https://www.reichsburg-trifels.de/" target="_blank">Burg Trifels</a>, wobei man sogar durch die schöne <a rel="noreferrer noopener" href="https://trifelsland.suedlicheweinstrasse.de/wandern-burgen/zertifizierte-wanderwege/altstadt-richard-loewenherz-weg/" target="_blank">Altstadt </a>von <a rel="noreferrer noopener" href="https://www.annweiler.de/de/index.php" target="_blank">Annweiler am Trifels</a> schlendern kann, bevor man sich an den Aufstieg wagt. Doch dies hier nur als kleiner Ausblick auf die schönen Wandertouren in der Südpfalz. Neben den vielen <a rel="noreferrer noopener" href="https://trifelsland.suedlicheweinstrasse.de/wandern-burgen/wandern-im-trifelsland/" target="_blank">gut ausgebauten Wanderwegen</a> gibt es auch einen Kletterfelsen, den Sommerfelsen und eine Mountainbike-Strecke mit Start- und Endpunkt im Dorf. Viele weitere großartige <a rel="noreferrer noopener" href="https://trifelsland.suedlicheweinstrasse.de/region/rad-mountainbiken/" target="_blank">Mountainbike </a>Touren finden Sie in unserer Region.</p>
</div></div>



<p>Gerne unterstützen wir Sie bei der Gestaltung ihres Urlaubes mit nützlichen Hinweisen und Tipps. Folgenden Internetseiten sollen Ihnen bei der Gestaltung Ihres Urlaubs helfen.</p>



<h3>Links</h3>



<ul><li><a href="http://www.trifelsland.de/" target="_blank" rel="noreferrer noopener">Büro für Tourismus in Annweiler</a></li><li><a href="http://www.trifelsland.de/de/wandern-burgen" target="_blank" rel="noreferrer noopener">Wandern im Trifelsland</a></li><li><a href="http://www.mountainbikepark-pfaelzerwald.de/" target="_blank" rel="noreferrer noopener">Mountainbike Park Pfälzerwald</a></li><li><a href="https://www.vg-annweiler.de/vg_annweiler/Sport,Freizeit,Tourismus/Trifelsbad%20Annweiler" target="_blank" rel="noreferrer noopener">Trifelsbad Annweiler</a></li><li><a href="https://www.annweiler.de/de/index.php" target="_blank" rel="noreferrer noopener">Stadt Annweiler</a></li><li><a href="http://www.burgunderdorf.de/" target="_blank" rel="noreferrer noopener">Burgunderdorf Gräfenhausen</a></li><li><a href="http://www.queichtal-nahverkehr.de/fahrplaene.php" target="_blank" rel="noreferrer noopener">Fahrpläne Öffentlicher Personennahverkehr</a></li><li><a href="https://www.pfalz.de/" target="_blank" rel="noreferrer noopener">Zum Wohl. Die Pfalz &#8211; das Portal für die Pfalz</a></li><li><a href="http://www.suedlicheweinstrasse.de/" target="_blank" rel="noreferrer noopener">Südliche Weinstraße</a></li><li><a href="https://www.pfalz.de/app/" target="_blank" rel="noreferrer noopener">Feste in der Pfalz</a></li><li><a href="http://www.pfaelzerwald.de/" target="_blank" rel="noreferrer noopener">Pfälzerwald</a></li></ul>

<p>Wo die Weinstraße den Pfälzerwald trifft Unsere Region &#8211; perfekt für Ihren Urlaub Unweit unserer Ferienwohnung finden sie die ersten Premiumwanderwege, die [&hellip;]</p>
